-f. Let i = -5 + f. What are the prime factors of i?
17
Let t be 2/(2/(2 + 2)). Suppose 3*r - 8*r + t = i, -5*i = r - 92. What are the prime factors of i?
19
What are the prime factors of -7 + 68 + (-3)/(-3)?
2, 31
Let t = -5 - -3. Let q be t/(-9) + 79/9. Suppose 0 = 3*i - 3*x - q, -4*x = i - 2*i - 3. What are the prime factors of i?
5
Suppose -2*s - 17 + 5 = 4*q, -3*s - 8 = -4*q. Let p = -9 - -8. Let b = p - s. What are the prime factors of b?
3
Suppose 61*i - 65*i = -1052. What are the prime factors of i?
263
Let t be (4/(-8))/((-1)/4). What are the prime factors of ((-4)/14)/(t/(-28))?
2
Suppose -4*d + 5*b = -120, b = -2*d + 6*b + 70. List the prime factors of d.
5
Suppose -3*i + 53 + 31 = 0. List the prime factors of i.
2, 7
Suppose 0 = -2*a - 2*a + 4. Let i(v) = 11*v**2 - v**2 + v**2 - a. List the prime factors of i(1).
2, 5
Let f = 79 + -29. What are the prime factors of f?
2, 5
Suppose 4*g = 217 + 215. Suppose -4*r + g = 5*u - 2*r, -20 = -5*r. What are the prime factors of u?
2, 5
Let q(u) = u**3 - 14*u**2 + 2*u - 17. Let i = -12 + -9. Let x = i + 35. What are the prime factors of q(x)?
11
Let d be 76/(-16) - (-1)/(-4). Let i = 6 + d. Suppose -53 = -5*m - g, m - g - 6 = i. What are the prime factors of m?
2, 5
Let f(a) = 2*a**3 + 22*a**2 + 4*a - 7. What are the prime factors of f(-10)?
3, 17
Suppose 2*c - 3 - 7 = 0. Suppose -c*a + 16 + 174 = 0. List the prime factors of a.
2, 19
Suppose -4*n + 4*p + 0 = -4, 25 = -5*p. Let r be n/14 + (-131)/7. Let d = -10 - r. List the prime factors of d.
3
Suppose -4*o + 5*k - 184 = 0, 2*o - 2*k + 43 = o. Let c = -29 - o. What are the prime factors of c?
2, 11
What are the prime factors of 2960/24*3/(-12)*-6?
5, 37
Suppose -l + 14 = -3*x + 7*x, 4*l - 12 = -5*x. Suppose 0*j + 64 = x*j. List the prime factors of j.
2
Let q(f) = 9*f**2 + 21*f + 1. Let s(b) = 5*b**2 + 11*b. Let k(p) = 4*q(p) - 7*s(p). Let m be k(-6). List the prime factors of (2 - 6)*1/m.
2
Suppose -3*x - 42 = -3*z, 65 = -5*x + 5*z - z. What are the prime factors of (0 - 32)*x/12?
2, 3
Let d be 3/9 + (-16)/(-6). Suppose -2 = -w + d. What are the prime factors of w?
5
Let w(m) = -m**3 - 6*m**2 + 2*m - 3. Let u be w(-6). Suppose 6*z = 2*z + 100. Let r = u + z. What are the prime factors of r?
2, 5
Let p = -110 + 360. What are the prime factors of p?
2, 5
Let k be 2/5 - 832/(-20). List the prime factors of (k/(-4))/((-6)/8).
2, 7
Let i(l) = 1 - l + 3 - 4*l**2 - l - l**3. Let g be i(-3). What are the prime factors of 7*g*(2 - 1)?
7
List the prime factors of (8/(-6))/((-20)/420).
2, 7
Suppose 2*n = n + 8. Let v = -1 + n. What are the prime factors of v?
7
Let z be (-2 + -1 + 3)/2. Let i = z - -28. List the prime factors of i.
2, 7
Let l(o) = -2*o + 4. Let j(p) be the first derivative of p**3/3 + 5*p**2/2 + 1. Let x be j(-4). List the prime factors of l(x).
2, 3
Let b(n) = -n**3 - 10*n**2 - 12*n - 10. Let g be b(-9). Let p(d) = 9*d - 3. Let s be p(3). Let j = s - g. What are the prime factors of j?
7
Let a(o) = 14*o**2 - 4*o + 34. What are the prime factors of a(5)?
2, 7, 13
Suppose 0 = -v - 4*b + 30 - 0, -2*b - 118 = -3*v. List the prime factors of v.
2, 19
Let u be (10 + -2)*(-3)/6. Let m = 2 - u. List the prime factors of m.
2, 3
Let c(d) = d**3 - 2*d**2 - 5*d. Let x(a) = -a**3 + 8*a**2 - 6*a - 3. Let h be x(7). List the prime factors of c(h).
2, 3
List the prime factors of 207/6*12/9.
2, 23
Let t(k) = 3*k + 9. Let y be t(5). Let a = -7 + y. List the prime factors of a.
17
Suppose -2*l + 0*x = x - 61, 2*x = -2*l + 62. Suppose -8*g + 3*g = -l. What are the prime factors of g?
2, 3
Suppose -4*d + 100 = 5*y, 6 = 2*y - 2. Let z = -17 + d. List the prime factors of z.
3
Suppose -4*z = 0, 0 = 4*c - 2*c + 4*z - 54. List the prime factors of c.
3
Let o be 1*4/(-1 - 0). Let y(l) = 3*l**2 - 5*l + 4. Let a be y(2). What are the prime factors of a + 0 + o/(-2)?
2
Let u(d) = 2*d**2 + 2*d - 3. What are the prime factors of u(3)?
3, 7
Suppose -3*q - 18 = -6*q. Let r(u) = -u. Let h(p) = 8*p - 2. Let x(j) = h(j) + 6*r(j). What are the prime factors of x(q)?
2, 5
Let o = 16 - 7. Suppose 0 = -4*b + 165 - o. List the prime factors of b.
3, 13
What are the prime factors of 0 + (-11)/(11/(-36))?
2, 3
List the prime factors of (6/10)/((24/(-1410))/(-4)).
3, 47
Let p(s) = -4 + s**2 + 15 + 0 + s. What are the prime factors of p(0)?
11
Suppose 4*i + 0*i - 32 = 0. Suppose -i*t = -5*t - 141. List the prime factors of t.
47
Suppose 0 = -5*d + 155 + 165. Suppose -5*b + d = -b. List the prime factors of b.
2
Let i(m) = m**3 + 7*m**2 + 4*m + 3. Let o be i(-3). Let v(k) = -k**2 - 9*k - 6. Let u be v(-10). Let a = o + u. List the prime factors of a.
11
Let l(h) = -37*h - 3. What are the prime factors of l(-2)?
71
Suppose 5*l = 2*f + 12, f = -2*l + 5 + 7. Let u be (1 + 0)*(l + 1). Suppose 3*y + 18 = u*p - 16, -29 = -4*p + 3*y. List the prime factors of p.
5
Suppose 4*t - 17 + 5 = 0. Suppose 3*b = -2*u + 5*u + 36, 3*u = -t. List the prime factors of b.
11
Suppose -3*a + 2*g + 63 = 0, 5*a + 0*a = -g + 105. List the prime factors of a.
3, 7
Suppose -i = 5*w - 1681, 2*i + 4 = 6*i. List the prime factors of w.
2, 3, 7
Let h(w) = w - 2*w - w. Let l be h(4). What are the prime factors of (-158)/(-14) + l/28?
11
Let c = 40 + -21. Let n = 39 - c. What are the prime factors of n?
2, 5
Let w = 10 + -6. Suppose i = 4*l - 12, 2*i - w*l + 39 = -l. What are the prime factors of -4*2/(i/33)?
11
List the prime factors of (6 - -60) + (-3 - -2).
5, 13
Let k(n) = n**3 - 3*n**2 + 2. Let q(p) = p**3 - 4*p**2 - p + 3. Let y(t) = -3*k(t) + 2*q(t). List the prime factors of y(-2).
2
Suppose 3*y = x + 233, 4*x - 168 - 70 = -3*y. List the prime factors of y.
2, 3, 13
Let h(z) = 15*z**2 - 4*z + 4. What are the prime factors of h(3)?
127
Let u be 8*2*2/(-8). List the prime factors of (231/(-22))/(2/u).
3, 7
Let h = 30 + 29. List the prime factors of h.
59
Let n(f) be the second derivative of -1/3*f**3 + 1/20*f**5 + 0 + 2*f + 3/2*f**2 - 1/4*f**4. What are the prime factors of n(4)?
11
Suppose 2*x = 3*u + 45, -95 = -3*x - 0*x - u. Suppose 2*f - 7*f + 3*h = -50, 3*f = h + x. List the prime factors of f.
2, 5
Let x(z) = 4*z**2 - 10*z + 7. Let l(m) = 5*m**2 - 10*m + 8. Let u(n) = 3*l(n) - 4*x(n). List the prime factors of u(4).
2, 5
Suppose 1401 = 4*g + 3*k, 0 = -2*k - 2 + 8. List the prime factors of g.
2, 3, 29
Let q(r) = 6*r. Let t be q(5). Suppose 5*i = -0*i + t. List the prime factors of i.
2, 3
Suppose 89 = -4*f + 421. What are the prime factors of f?
83
Let f(q) = -q + 5*q - 10 + 0*q. List the prime factors of f(10).
2, 3, 5
Let f(n) = 148*n**2 + 3*n - 2. List the prime factors of f(1).
149
Let k be 1 - (2 - 1) - 0. Suppose k*d = l - 2*d - 13, 0 = -d + 1. List the prime factors of l.
3, 5
Suppose 29 = -4*z + 121. List the prime factors of z.
23
Suppose -3*s = -0*s + 45. Suppose 0 = m - 0*m + 11. Let t = m - s. List the prime factors of t.
2
Suppose -4*p + 7*p - 2*k = -3, 3*k = 3*p + 3. Let l be 164/8 + p/(-2). List the prime factors of 1 + -2 + (l - 2).
2, 3
Let v = -13 - -50. Let w = v - 24. What are the prime factors of w?
13
Let j be (-14)/(-8) + (-2)/(-8). Let t be ((-34)/(-4))/(j/4). Let o = -10 + t. What are the prime factors of o?
7
Suppose 5*t = t - 4. Let g = 1 + t. Suppose g = 2*v - 23 + 1. What are the prime factors of v?
11
Let c be 4/22 - (-356)/(-22). What are the prime factors of (c/(-10))/((-5)/(-25))?
2
Suppose 4*t + 3*n - 144 = 0, 4*n = -t + 5*t - 144. Suppose -4*b - t = -b. What are the prime factors of (38 - -1)*(-4)/b?
13
Suppose -6 = o + 2*o. List the prime factors of 2*(-3 - o - -2).
2
Let q(d) = d**2 - 7*d + 6. Let i be q(4). Let t be (-1)/2 - i/4. What are the prime factors of (-14)/(-1)*t/2?
7
Let y be (-28)/(-6)*(-3)/(-2). Let b(i) = -3*i + 0*i - i - 1 + y*i**2 - i**3. List the prime factors of b(6).
11
Let d(h) = 3*h - 3. Let u(g) be the first derivative of 2*g**2 - 3*g - 2. Let c(o) = 6*d(o) - 5*u(o). What are the prime factors of c(-7)?
11
Let i = 68 + -48. Let g be (-6)/5*i/(-6). Suppose -g*t - 11 = -47. List the prime factors of t.
3
Suppose 2*f - f = 5*m - 123, 3 = -f. What are the prime factors of m?
2, 3
Suppose -5*v + v + 152 = 0. What are the prime factors of v?
2, 19
Suppose 0 = -k - 0 - 4. Let n(y) = -6*y + 4. What are the prime factors of n(k)?
2, 7
Let p be 